tors of u/(-3 - (2 - 4))?
2, 5
What are the prime factors of 1 - (-6)/(-8) - (-7398)/72?
103
Suppose -361 - 178 = -7*u. List the prime factors of u.
7, 11
List the prime factors of 389/6 + (-10)/12 + 1.
5, 13
Suppose 0 = 7*v - 3*v + 8. Let g(h) = -8*h - 1. What are the prime factors of g(v)?
3, 5
Let k be 7 + (-2 - 3) + 2. Let b be (-104)/(-28) + k/14. What are the prime factors of b/((4/(-6))/(-1))?
2, 3
Let z(w) = w - 1. Let a be z(3). Let y(p) = p**3 + p - 1. What are the prime factors of y(a)?
3
Let t(n) = -n**3 + 7*n**2 + n - 3. Let x be t(7). Suppose 0 = 6*o - x*o - 16. Let z = o + 1. List the prime factors of z.
3
Let c = 150 + -102. List the prime factors of c.
2, 3
Let u be -6*(-2 - 3/(-2)). Suppose 0*r - 2*r - 4 = 0, 5*r = -u*x + 23. List the prime factors of x.
11
What are the prime factors of 0/(6/3) + 21?
3, 7
Suppose -2*w = -w. Suppose -3*v - u - 20 = w, -v = -3*v + 4*u - 32. Let g(c) = -c**2 - 10*c - 8. What are the prime factors of g(v)?
2
Suppose -4*f - f = -340. List the prime factors of f.
2, 17
Let u = -8 - -13. Suppose -4*z + 0*z + 4*q = -20, 0 = -3*z + u*q + 17. What are the prime factors of z?
2
Let z(v) be the third derivative of 7*v**4/24 + 4*v**2. Let i be z(-1). Let t = 6 - i. List the prime factors of t.
13
Suppose -w - 4*m = 12 + 6, m = -4. What are the prime factors of 2 - 1/(-3 - w)?
3
Suppose -5*l = -n - 188, -n - 2*n - 46 = -l. List the prime factors of l.
37
Let h be (1/2)/((-2)/(-8)). Let y = h + 1. Suppose -2 = -x + g - y, 5*x - 4*g = 0. List the prime factors of x.
2
Let z(g) = -g**3 + 7*g**2 - 4*g - 8. Let w be z(6). Suppose -w*r + 148 = -28. What are the prime factors of r?
2, 11
Let j(w) be the third derivative of -7*w**4/24 - 2*w**2. Let s be j(4). Let h = -17 - s. List the prime factors of h.
11
Let l be 4/10 + (-93)/(-5). Let x = -1 + l. What are the prime factors of x?
2, 3
Let l = -2 + 9. Suppose -2*r + 27 = -l. What are the prime factors of r?
17
Suppose 0 = 5*s + 2*h - h - 101, -s + 4*h = -37. What are the prime factors of s?
3, 7
Suppose 0 = 2*m + 1 + 3. Suppose 2*a = 4*a + 20. Let y = m - a. What are the prime factors of y?
2
Suppose 0*c = 4*c - 4. What are the prime factors of c + 0 + -1 + 3?
3
Let n be ((-4)/3)/(1/(-3)). Suppose -4*x - n = -3*c, 4*c = -c - 5*x + 30. Suppose 17 = -c*b + 5*b. What are the prime factors of b?
17
Suppose 28 + 7 = 5*q. Let h(w) = w + 8. Let b be h(q). Let l = b + -5. List the prime factors of l.
2, 5
Suppose -3*b = 3*a + 54, 5*b + 52 = 2*b - 4*a. List the prime factors of (22/(-5))/(4/b).
2, 11
Suppose 75 = 5*a - 85. What are the prime factors of a?
2
Suppose 3*o + 2 = -3*i + 8, 5*o + 4*i = 8. Suppose o*s - 16 = 4*s. Let w = 6 - s. List the prime factors of w.
2, 5
Let l = 31 - 4. What are the prime factors of l?
3
Let z(r) = -r + 12. Let v be z(12). Suppose v*k - 100 = -4*k. What are the prime factors of k?
5
Let k = 442 - 298. List the prime factors of k.
2, 3
Let x = 1 + 1. Let d = x - -3. What are the prime factors of d?
5
Suppose 2*j = j - 2. List the prime factors of 1/(-2) + (-83)/j.
41
Suppose -20*h = -18*h - 114. List the prime factors of h.
3, 19
Suppose 0 = -5*s - 15, -w + 5*w + s - 5 = 0. Suppose 134 + w = 4*a. List the prime factors of a.
2, 17
Suppose -4*t + 2*t + 532 = 0. List the prime factors of t.
2, 7, 19
Suppose 3*u + u - 3*j - 90 = 0, -2*u + 46 = -2*j. List the prime factors of u.
3, 7
Suppose 34*v - 33*v = 140. List the prime factors of v.
2, 5, 7
Let y(m) be the first derivative of m**3/3 + 13*m - 1. List the prime factors of y(0).
13
Suppose 0 = -z - z - 10, -z + 45 = 5*t. Let h(x) = 2*x + 5. Let c(b) = -b - 2. Let m(q) = -7*c(q) - 3*h(q). What are the prime factors of m(t)?
3
Let l(z) = 2*z. Let m be l(2). Suppose 0 = m*q - 5 - 3. Let a = 5 - q. What are the prime factors of a?
3
Let n = 12 - 8. List the prime factors of n.
2
Let w be 66/(-15) + 2/5. Let l be w*(2/(-4) - 0). List the prime factors of 2 - (-5 + -1 + l).
2, 3
Let c(y) = -3*y - 3. Let d be c(-2). Let h = d + -3. What are the prime factors of 18/6 + 10 + h?
13
Let g = -45 + 252. List the prime factors of g.
3, 23
Suppose 5*w - 12 - 8 = 0. Suppose -3*m - w = 2*v, 0 = -3*v - 0*v + m - 6. What are the prime factors of (0 - -2 - 6)/v?
2
Let h(m) = -3*m - 9. Let b be h(-9). Let p = -6 + b. List the prime factors of p.
2, 3
Suppose -186 = -4*p + 2*b, p + p - 2*b - 96 = 0. List the prime factors of p.
3, 5
Let p = 30 - 23. List the prime factors of p.
7
Suppose 0 = b - 2*b - 2*z + 42, 0 = 4*b + 2*z - 180. Let c = b + -29. What are the prime factors of c?
17
Suppose 8*b - 11*b + 48 = 0. What are the prime factors of b?
2
Let h be 0 + -2 - -6 - -2. Suppose 5*k - 24 + 9 = c, 0 = -2*k + 5*c + h. List the prime factors of 13/k + (-2)/(-3).
5
Let q = 204 - 138. Suppose -3*g = -g - q. What are the prime factors of g?
3, 11
Let j(k) = 2*k**2 + 3*k - 4. Let m be j(-3). Suppose -f + m = 2. List the prime factors of f.
3
Let y be 2 + -38 + (0 - -2). Let w be y/(-10) + 14/(-35). Suppose 5*u + 3*j = 10, w*j = -0*u + 2*u - 4. What are the prime factors of u?
2
Let y be ((-2)/3)/(2/(-45)). Suppose 194 = 5*x - 4*a, 166 = 4*x + a + y. Let q = x - 24. What are the prime factors of q?
2, 7
Suppose 4*p - 625 = -p. List the prime factors of p.
5
Let h be 0 - (-1 + 2) - -1. Let d(m) be the second derivative of -m**3/6 + 9*m**2/2 + 4*m. What are the prime factors of d(h)?
3
Suppose 0 = 3*i - i - 12. List the prime factors of 154/i + (-6)/9.
5
Let v = 126 - 56. Suppose 0*a + v = 5*a. Let y = 26 - a. List the prime factors of y.
2, 3
Let h be 80/(-10)*(-3)/1. Suppose 2*t - 80 = -5*o, 5*o - h - 56 = -5*t. What are the prime factors of o?
2
Let q(n) = 4*n**3 - 2*n**2 + 6*n - 7. List the prime factors of q(3).
101
Let v(i) = 16*i**3 - 6*i**2 - 6*i. Let k(j) = -3*j**3 + j**2 + j. Let m(l) = 11*k(l) + 2*v(l). Let q = 4 + -6. What are the prime factors of m(q)?
2, 3
Let x(o) = 7*o + 5*o - o**2 + 7*o - 13 - 4*o. What are the prime factors of x(13)?
13
Let p = 2 + 1. Let c(u) = 3 - 4 - p - 2*u. What are the prime factors of c(-5)?
2, 3
Let a = -12 - -27. What are the prime factors of (-5)/a + (-98)/(-6)?
2
Suppose -2*o + 128 = -3*y - 4*o, 0 = -y - 2*o - 40. Let t = -22 - y. List the prime factors of t.
2, 11
Let a be 2/(-5) - (-35)/25. Let m = a - 0. Let r = 1 + m. What are the prime factors of r?
2
Suppose 2*n + 0*n - 74 = 0. List the prime factors of n.
37
Let z(a) = 0*a - a + 3*a. What are the prime factors of z(6)?
2, 3
Let z(f) = f - 2. Let r be z(6). Let o be (-1 + r)*20/6. Suppose -y - o = -2*y. What are the prime factors of y?
2, 5
Suppose 2*f - 385 = -151. What are the prime factors of f?
3, 13
Suppose -3*u + 6 = -0. What are the prime factors of 50 + (-1)/(u/(-6))?
53
What are the prime factors of (-4*(-1)/(-2))/(4/(-18))?
3
Suppose -7*i - 138 = -8*i. List the prime factors of i.
2, 3, 23
Let u(f) = -8*f - 12. What are the prime factors of u(-5)?
2, 7
Suppose -4*b + 2 = -2. Suppose -7 = -2*u - b. Suppose -3*q = 0, -4*q + 20 = u*h - 13. What are the prime factors of h?
11
Suppose 4*c = 2*c + 8. Suppose -v + 9 = -5*q - 14, -4*v + c = 2*q. Suppose 2*o = v*o - 2*t - 14, 0 = 5*t + 25. What are the prime factors of o?
2
Suppose -4*l = -2*l - 4. Suppose 0*d + 2*m + 1 = d, -2*d + 8 = 2*m. Suppose -d*p = l*a - 5*a + 30, -5*p = -5. What are the prime factors of a?
11
Suppose -5*d + 23 = -2. Suppose -d*r + 9 + 10 = -2*q, 4*r + 5*q - 35 = 0. What are the prime factors of r?
5
Suppose 7 - 66 = -t. List the prime factors of t.
59
Suppose 3*a + 15 = 2*z - 12, 3*z = -4*a + 49. What are the prime factors of z?
3, 5
Let d = -16 - -6. Let r be (-5)/d*(21 + -1). Suppose -r = -b - 0*b + n, 3*b - 5*n = 28. List the prime factors of b.
11
Let w(y) = 4*y**2 + y + 1. Let g be w(-1). Suppose -2*l + 5*l - 9 = 0, 0 = -2*n - g*l - 14. Let u = 19 + n. List the prime factors of u.
2, 3
Let u(g) be the first derivative of -g - 2 - 3/2*g**2. What are the prime factors of u(-4)?
11
Suppose -5*j + 109 = -96. List the prime factors of j.
41
Let s(c) = c**3 - 3*c**2 - 3*c - 1. Let n be s(4). Suppose -2*g + 63 = n*x - 34, g - 63 = -2*x. List the prime factors of x.
29
Suppose 6*j = 7*j - 9. List the prime factors of j.
3
What are the prime factors of ((-18)/10 + -1)*(-31 - 4)?
2, 7
Suppose -1 = b + 5. Suppose -u - 1 = 3. List the prime fac